o - 483 = 0. Let t = o - 65. What is s(t)?
-6
Let z(t) = t**3 + 3*t**2 - 4*t + 2. Let u be z(2). Suppose f + f - u = 0. Let q be 70/20*4/f. Let b(y) = -3*y - 1. Give b(q).
-7
Let q(p) = p**3 + 5*p**2 - 8*p - 7. Let s(a) = a**3 + 16*a**2 + 14*a - 21. Let i be 43/(-3) - 8/12. Let u be s(i). Determine q(u).
5
Let o(w) = 25*w + 24. Let c(j) = 9*j + 9. Let y(q) = -11*c(q) + 4*o(q). Calculate y(11).
8
Let w(l) = -l**2 + l + 1. Let r = -6 - -12. Suppose 6*k = -0*k - r. Calculate w(k).
-1
Let c be (-8)/(-3)*(-6)/(-4). Let q(n) = 3*n. Let j(s) = -4*s. Suppose -9 = -7*m + 19. Let l(b) = m*j(b) + 6*q(b). Calculate l(c).
8
Let j be (-209)/19 + 5 + 14/2. Let q(k) = 9*k. Determine q(j).
9
Let n(o) be the second derivative of o**7/2520 - o**6/144 - o**5/40 - 2*o**4/3 + 11*o. Let y(z) be the third derivative of n(z). What is y(6)?
3
Let q(b) = -b**2 + 6*b + 7. Suppose 0 = k + 3*h - 0 - 5, 9 = 4*k + h. Let c be (-2 - (-9 + k)) + 1. Calculate q(c).
7
Let w = 0 - 0. Suppose -14*a = -7*a. Let v(p) = p + w + 1 + 0 + a*p. What is v(-1)?
0
Let j be 2/(-10) - 14/5. Let v(r) be the second derivative of -r**2 - 4*r - 1/3*r**3 + 0. Calculate v(j).
4
Let g(z) = 3 - 8*z - 6*z - 2 - 3*z - 3*z. What is g(-1)?
21
Let w(v) = -v**2 - 2*v. Let i = 2 - -2. Let t be -2 + i + -4 - (0 + -1). Give w(t).
1
Let k(i) = -5*i**2 + 3*i - 15. Let r(g) = -6*g**2 + 6*g - 16. Let w(n) = 5*k(n) - 4*r(n). Calculate w(-6).
7
Suppose 3*l + 66*r + 46 = 70*r, -3*r = 2*l + 8. Let g(i) = i**3 + 10*i**2 - 2*i - 20. Determine g(l).
0
Let k(t) = t. Let o be 1 + 2 - (20 - 5). Let c be (18/(-10))/(o/40). Suppose 1 = q + c. Give k(q).
-5
Let x be 0*(9/(-2) - -5). Let h(s) = 4051*s + 0 + x - 4050*s. Calculate h(4).
4
Let a(g) = -g - 11. Let n be a(-5). Let x(w) be the first derivative of -w**4/4 - 2*w**3 - w**2/2 - 3*w + 3. Calculate x(n).
3
Let r = 8 + -11. Let k be r/12 + (-203)/(-28). Let a(s) = -4 - s - 4 + k. Calculate a(4).
-5
Let q(t) = 4*t + 13. Let h(j) = -j - 2. Let w(m) = -h(m) - q(m). Give w(-5).
4
Let g(v) = v**2 + 4*v - 5. Let l be g(2). Let o(s) = -s + l*s**2 + 1 + 11*s**2 + 0 - 4*s**2. Determine o(1).
14
Let t(a) = -3*a**2 - a + 5. Let c(u) = -2*u**2 - 2*u + 4. Let z be (3 - (-1 - -2))*-2. Let p(l) = z*t(l) + 5*c(l). Calculate p(4).
8
Let y(k) = -13*k**3 - k**2 - 2*k - 1. Let w(l) = -2*l + 8. Let p be w(0). Suppose p = -4*x - 0*x - c, 2*x - 5*c = 18. Determine y(x).
13
Let w(z) = -7*z**2 - 7. Let r(l) = -l**2 - 1. Let u(q) = -6*r(q) + w(q). Suppose -37*b + 10 = 47. What is u(b)?
-2
Let n(o) = -o**2 - 5*o + 6. Let c be 4/(0 + (-6)/9). Let k(m) = -3*m - 3. Let f be k(c). Let y be ((-6)/f)/(2/30). Determine n(y).
0
Suppose 0 = 25*a + 42 + 8. Let s(b) = 5*b**2 + 4*b + 4. Determine s(a).
16
Let p(m) be the third derivative of -m**4/24 + m**3 + 5*m**2. Let h(x) = -6*x + 5 + 2 - x**2 + 0 + 4. Let w be h(-8). What is p(w)?
11
Let o(a) = -4251*a**2 - a**3 - 2*a + 2 - 2*a + 4253*a**2. Let b = 0 - -2. Let s be o(b). Let x(p) = p**2 + 4*p - 2. Determine x(s).
10
Let c(i) be the first derivative of -6*i + 1 - 1/3*i**3 - 3*i**2. Let s = 2 + -7. What is c(s)?
-1
Let h(s) = -4*s + 7. Let p(j) = -5*j + 8. Let v(o) = -4*h(o) + 3*p(o). Let f be (16/(-4) + 3)*21. Let z be (-204)/(-28) - (-6)/f. Calculate v(z).
3
Let q = -3950 - -3948. Let r(m) be the first derivative of 6*m**2 - m + 3. Give r(q).
-25
Let w(l) = l**2 + 9*l - 1. Let u = 170 - 180. Determine w(u).
9
Let x(z) be the second derivative of z**5/20 + z**4/2 - 2*z**2 - z + 18. Give x(-3).
23
Let w(h) be the second derivative of -h**4/12 + 5*h**3/6 - 2*h. Suppose -4*n - n + 25 = 0. Suppose 25 = -0*s + n*s. Calculate w(s).
0
Let v(r) be the second derivative of r**5/60 + r**3/6 + 2*r. Let u(p) be the second derivative of v(p). Suppose 16 = 4*f - 12*f. Calculate u(f).
-4
Suppose 2 + 6 = -2*s, 0 = -g + s + 2. Let y be g*2/(-4)*2. Let v be y - 4 - (-12 + 4). Let x(l) = -l**3 + 6*l**2 - l - 8. Calculate x(v).
-14
Let n(y) be the third derivative of 2*y**3 + 3/8*y**4 + 11*y**2 + 0 + 1/60*y**5 + 0*y. Calculate n(-8).
4
Suppose -552 = -11*q - 13. Let v = 47 - q. Let s(n) = -2*n**2 - 4*n - 3. Determine s(v).
-3
Let j(s) be the first derivative of -s**3/3 + s**2 + 6*s - 5. Determine j(-4).
-18
Let f(r) = -3*r - 7. Let z = -334 + 185. Let l = -154 - z. Determine f(l).
8
Let l(p) be the first derivative of -p**6/60 - p**5/30 - p**4/24 + 5*p**2 - 41. Let r(u) be the second derivative of l(u). What is r(-2)?
10
Let y(z) = -z**3 + 11*z**2. Let j = 115 - 104. Give y(j).
0
Let t(n) = 2*n**2 + 0*n**3 - 4617*n + 2 + 4620*n + 0*n**3 - n**3. What is t(-1)?
2
Let f(i) be the second derivative of i**5/20 + 5*i**4/12 + i**3/6 - 3*i**2/2 + 361*i. Determine f(-5).
-8
Let c = 4 - -1. Let g(s) = s - 2. Let p(w) = -2. Let u(h) = -g(h) - p(h). Give u(c).
-1
Let h be (-117)/(-26)*2*1. Let k(b) = -5*b + 5*b**2 + h*b**3 + 6*b - 8*b**3 + 2. Give k(-5).
-3
Let u(z) = -z**2 - 6*z - 5. Let d be (-35)/3 - (-1)/(-3). Let s be ((-64)/d)/(4/6). Suppose 0 = -3*g - 2*k - 6 - s, g = k - 3. Calculate u(g).
3
Let w be 5 + 1 + (36 - 44). Let k(r) = -r + 2. Calculate k(w).
4
Let i(k) = -k**2 - 20*k + 42. Let c = -101 + 79. Calculate i(c).
-2
Let r be ((-2)/(-5))/((-64)/(-320)). Let s(p) be the first derivative of 4*p + 1/3*p**3 - r*p**2 + 1. What is s(3)?
1
Let p(g) = -15*g + 6 + 9*g + 7*g - 17. Calculate p(11).
0
Let v(f) = f**2 - 3*f. Let x(t) = 4*t**2 + 3*t - 2. Let d be x(-3). Suppose 3*l + l - 5*u - d = 0, 2*l + u = -5. Suppose -16 = -4*s - l*s. Calculate v(s).
4
Let w(s) = 2*s**2 + 4*s + 2. Let c(t) = 4*t**2 + 2*t**3 + t**3 - 8 + 1 - 2*t**3. Let y be c(-3). Suppose 0*k + 2*j = 3*k + y, -k + 8 = -5*j. Give w(k).
2
Suppose 2*z + z = -2*z. Suppose z = 3*g + g + q - 5, 2*q = -5*g + 10. Let p(b) = b**3 + b + 1. Give p(g).
1
Let p(y) = 116*y + 13 - y**2 + 113*y - 236*y + 0*y**2. Determine p(-9).
-5
Let o(h) = 8*h - 2*h + h**3 + 11*h**2 - 5*h**2 + 1. Calculate o(-4).
9
Let m be 103/2 + (-5)/2. Suppose 0 = 47*n - m*n - 4. Let h(c) = 3*c**2 - c**3 + 1 - 3*c**2. Give h(n).
9
Let s = 8 - 5. Let c(k) be the first derivative of -3/2*k**2 + 4 + 4*k + 1/3*k**3. Give c(s).
4
Let o(b) = -b + 1. Let v(d) = 3*d - 10. Let q(a) = 6*o(a) + v(a). Let g = 48 + -83. Let j = -38 - g. Determine q(j).
5
Suppose 12 = 102*k - 99*k. Let y = 0 - -2. Let p(d) = k*d**y + 2 - 1 - 6*d + d**2 - 4*d**2. Calculate p(6).
1
Let w(n) = n**3 - 4*n**2 - 4*n. Let a(f) = f**3 - 4*f**2 - 8*f - 4. Let u be 15*((-21)/(-15) - 1). Let h be a(u). Let b be h/(-6)*18/(-12). Calculate w(b).
5
Suppose y + 1 = -1. Let s be y/(2/3) - -15. Let c(v) = -v**2 + 6*v + 7*v**3 - s*v + 5*v + 2*v. Determine c(1).
7
Let l be (1 + 3)/(((-90)/(-12))/15). Let j(s) = -s**2 + s + 51. What is j(l)?
-5
Let p(w) = w**3 + w**2 + w - 1. Let r(b) = -5*b**3 + 3*b**2 + 2*b - 3. Let m(z) = -2*p(z) + r(z). Suppose 7 - 29 = 2*i - 4*u, -5*i = -4*u + 25. What is m(i)?
7
Let o(t) = 13*t**2 + t + 4. Let g(j) = -28*j**2 - 2*j - 8. Let n(r) = 6*g(r) + 13*o(r). Let w(d) = d**2 + 3*d. Let h be w(-3). What is n(h)?
4
Let t = -7 + 11. Let n(a) = -60*a + 6 + 106*a - 48*a. Give n(t).
-2
Let v = -32 - -34. Suppose -o = -z, 3*z = 4*z - v*o. Let q(m) = m - 9. Calculate q(z).
-9
Let t be (3/(-2))/(2/(-4)). Suppose -p + 5 + 6 = -3*y, 0 = -5*p - 5*y - 5. Let z(r) = p*r - 6*r + 6*r**2 - 3*r**2 + 21*r**3 + 4 - 22*r**3. Determine z(t).
-8
Let r(t) = -4*t**3 + 6*t**2 + 5*t - 9. Let l(s) = s**3 + 1. Let q(n) = -5*l(n) - r(n). Calculate q(-5).
4
Suppose 26*z = 25*z - 6. Let t(r) be the first derivative of r**6/360 + r**5/24 - 5*r**4/24 - r**3/3 - 1. Let x(d) be the third derivative of t(d). Give x(z).
1
Let c(w) = -w**2 - 409 + 410 + 9*w - 4*w. What is c(5)?
1
Let r(v) = 6233 - 6233 + v. Suppose 0 = -h - 0*h + 6. Suppose -q + c + h = q, 5*c = -2*q - 6. Determine r(q).
2
Let w(q) = -q + 10. Suppose 0 = -c - c - 20. Let g be c + 9 + 24/2. Let d be w(g). Let i(h) = -8*h**2 + 1. Determine i(d).
-7
Let k(b) be the third derivative of b**9/60480 + b**8/6720 - b**7/1260 - b**5/12 - 45*b**2. Let c(h) be the third derivative of k(h). Give c(-3).
12
Let c(b) = b**2 + b + 1. Let p(x) = -3*x**2 + 5*x - 10. Let n(w) = -2*c(w) - p(w). Give n(6).
2
Suppose -i = 4*i - 20. Let s be 2/(i*1/22). Let j = s - 15. Let m(f) = f**2 + 3*f. Give m(j).
4
Let l(h) = -21*h + 21. Let n(o) = 5*o - 4. Let j(q) = 2*l(q) + 11*n(q